3 - 67*z**2 + 64*z + 1106. Calculate s(32).
82
Let i(d) = 3*d**3 - 452*d**2 - 2979*d - 623. Give i(157).
5
Let y(n) = -35773*n + 679701. Calculate y(19).
14
Let v(g) = g**2 + 6237*g - 49964. Calculate v(8).
-4
Let p(a) = -16163*a - 711174. Calculate p(-44).
-2
Let j(v) = -3*v**3 - 137*v**2 - 68*v + 965. Give j(-45).
-25
Let d(t) = 9*t**2 - 4721*t + 618570. Calculate d(270).
0
Let j(i) = -17962*i + 1616580. Give j(90).
0
Let o(c) = -c**3 + 108*c**2 - 1408*c - 81. Calculate o(93).
-1290
Let y(v) = 142*v**2 + 112*v - 7. What is y(-1)?
23
Let o(i) = -2*i**3 - 30*i**2 - 130*i - 713. Give o(-12).
-17
Let a(g) = -8*g**3 + 7610*g**2 + 5720*g - 7694. Calculate a(952).
-78
Let l(i) = -i**2 - 329*i - 7616. What is l(-25)?
-16
Let l(h) = 6401*h - 537664. Give l(84).
20
Let j(d) = -77*d**2 + 1706*d - 269. What is j(22)?
-5
Let z(t) = 2674*t + 269885. What is z(-101)?
-189
Let a(r) = 4344*r + 78189. Determine a(-18).
-3
Let c(s) = -s**3 + 23*s**2 + 131*s - 1073. Determine c(26).
305
Let s(o) = -54*o**3 - 2000*o**2 - 71*o + 179. Give s(-37).
68
Let v(m) = -450*m**2 + 5868*m - 229. Give v(13).
5
Let u(s) = -s**2 + 288*s - 11254. Give u(47).
73
Let y(a) = a**3 + 215*a**2 - 650*a - 272630. Give y(-212).
2
Let g(h) = 60*h**2 + 11810*h - 707. Calculate g(-197).
1263
Let r(j) = -2*j**3 + 212*j**2 + 24*j - 3471. Determine r(106).
-927
Let r(u) = 52349*u - 156549. Give r(3).
498
Let m(l) = -l**3 + 318*l**2 - 276*l - 12916. What is m(317)?
81
Let c(g) = -11*g**2 - 148*g + 134. Determine c(-13).
199
Let k(n) = -n**3 - 42*n**2 + 26*n + 757. Determine k(-43).
1488
Let i(r) = 2*r**2 - 3423*r - 17122. Determine i(-5).
43
Let k(c) = c**3 - 37*c**2 - 1221*c + 284. Determine k(58).
110
Let q(r) = 1367*r**2 + 219*r + 6. Give q(0).
6
Let i(k) = 605*k**2 - 17545*k + 30. Give i(29).
30
Let b(y) = -54*y**2 + 4185*y - 70119. What is b(53)?
0
Let a(h) = 1198*h + 37266. What is a(-31)?
128
Let c(p) = 21872*p + 262194. Give c(-12).
-270
Let r(l) = -2*l**3 + 942*l**2 - 22295*l - 113. Determine r(25).
12
Let h(a) = 1075*a - 8533. Calculate h(8).
67
Let o(k) = 14*k**2 - 517*k + 2580. Calculate o(31).
7
Let u(l) = 3141*l - 22738. Give u(7).
-751
Let j(b) = -b**3 + 7*b**2 - 122. Give j(-4).
54
Let b(t) = 676*t + 308939. Determine b(-457).
7
Let p(d) = 2*d**3 + 27363*d**2 - 328641*d - 32. Calculate p(12).
4
Let x(z) = 736*z + 29965. Calculate x(-40).
525
Let x(u) = 2*u**2 - 112858*u + 338554. What is x(3)?
-2
Let l(z) = -12*z**3 - 3502*z**2 - 13270*z - 6346. Give l(-288).
-10
Let b(f) = -f**3 + 17*f**2 + 34*f - 255. Calculate b(13).
863
Let h(b) = b**3 - 70*b**2 + 8*b - 962. Give h(70).
-402
Let v(k) = -k**3 - 12*k**2 + 7837*k + 54860. Give v(-7).
-244
Let o(t) = -29838*t + 11905379. Determine o(399).
17
Let o(s) = s**3 + 72*s**2 + 555*s - 154. Determine o(-9).
-46
Let i(s) = -s**3 - 21*s**2 - 2257*s - 50033. Determine i(-22).
105
Let l(i) = 1569*i + 13757. Calculate l(-9).
-364
Let f(v) = -6179*v + 24881. Determine f(4).
165
Let a(q) = -2*q**2 - 13995*q - 237347. Give a(-17).
-10
Let u(a) = -44*a**3 + 751*a**2 - 49*a - 40. Give u(17).
-6
Let u(b) = b**3 + 17*b**2 - 21*b - 820. Calculate u(-10).
90
Let a(m) = -3*m**2 + 715*m - 18950. Calculate a(209).
-558
Let b(n) = 70096*n + 1682307. Determine b(-24).
3
Let h(a) = 12*a**3 - 134*a**2 + 86*a - 828. What is h(11)?
-124
Let v(g) = -2*g**2 + 1706*g + 115796. Give v(-63).
380
Let a(i) = i**2 - 170*i + 6520. What is a(58)?
24
Let r(i) = i**3 + 107*i**2 - 562*i - 50. What is r(-112)?
174
Let q(o) = -1320*o - 385460. Give q(-292).
-20
Let f(q) = 674*q - 15617. What is f(23)?
-115
Let p(f) = 9*f**3 + 873*f**2 - 10*f - 982. Give p(-97).
-12
Let r(n) = 6*n**2 - 195*n + 1562. Give r(17).
-19
Let o(q) = -q**3 - 106*q**2 - 871*q - 80. Determine o(-97).
-274
Let s(f) = -5*f**3 - 2*f**2 - 351*f + 2162. What is s(6)?
-1096
Let m(i) = -30*i + 168. Calculate m(3).
78
Let t(c) = 14*c - 201. What is t(47)?
457
Let s(z) = -z**3 + 53*z**2 + 55*z - 1584. What is s(53)?
1331
Let q(a) = 290*a + 67851. Give q(-234).
-9
Let n(t) = 2*t**2 - 220954*t + 1325653. What is n(6)?
1
Let s(j) = 45307*j + 362439. Determine s(-8).
-17
Let v(c) = 117*c**2 + 604*c + 80. What is v(-5)?
-15
Let c(a) = a**2 + 86*a + 593. Calculate c(-57).
-1060
Let g(j) = -34*j**2 - 454*j + 2118. Give g(-17).
10
Let t(h) = 35*h**3 - 18*h**2 + 80*h - 352. What is t(5)?
3973
Let h(a) = 18*a**2 - 47484*a + 47484. What is h(1)?
18
Let n(z) = -4*z**2 - 536*z - 5849. Calculate n(-122).
7
Let z(r) = 440*r - 14300. What is z(36)?
1540
Let d(o) = 3304*o + 49618. Give d(-15).
58
Let r(n) = -8827*n + 1535872. Calculate r(174).
-26
Let y(t) = 109*t**2 - 900*t - 643. Determine y(9).
86
Let z(i) = -32*i - 934. What is z(-21)?
-262
Let f(m) = m**3 + 96*m**2 - 259*m - 1358. Determine f(-98).
4816
Let s(q) = 5*q**2 - 81*q - 300. Determine s(18).
-138
Let o(n) = -n**3 - 154*n**2 + 3480*n - 59. Calculate o(20).
-59
Let p(g) = 52*g**2 + 1055*g + 311. What is p(-20)?
11
Let v(d) = d**3 - 91*d**2 + 758*d - 215. Calculate v(81).
-4427
Let t(g) = -g**3 - 9*g**2 - 68*g - 222. Determine t(-5).
18
Let j(l) = -6*l**2 + 647*l. Calculate j(108).
-108
Let l(c) = -43167*c - 86325. Determine l(-2).
9
Let y(h) = -1325*h - 8719. Calculate y(-6).
-769
Let p(h) = -14479*h + 57475. Calculate p(4).
-441
Let n(g) = -7467*g - 14781. What is n(-2)?
153
Let m(y) = 10355*y - 1356534. Give m(131).
-29
Let u(j) = j**3 - 124*j**2 + 1224*j + 17. What is u(113)?
-2130
Let r(k) = 64*k**2 + 1278*k + 8862. Calculate r(-7).
3052
Let w(l) = -5814*l - 156900. Calculate w(-27).
78
Let q(t) = 8*t**3 - 948*t**2 - 6481*t - 2386. What is q(125)?
-11
Let g(r) = 13*r**3 - 7210*r**2 + 4433*r - 574. Calculate g(554).
-20
Let z(x) = -3*x**3 - 25*x**2 + 88*x + 64. Calculate z(6).
-956
Let w(p) = -2742*p + 383999. Give w(140).
119
Let s(l) = -2473*l - 9927. Determine s(-4).
-35
Let k(i) = -234*i**3 - i**2 + 34*i + 72. What is k(-2)?
1872
Let j(f) = -f**2 + 14*f + 229. What is j(16)?
197
Let a(o) = -1303*o**3 + o**2 - 1249*o - 1252. What is a(-1)?
1301
Let i(z) = 1732*z - 19026. Determine i(11).
26
Let h(k) = 4*k**3 - 21*k**2 - 142*k + 22. Calculate h(-7).
-1385
Let c(f) = 4*f**2 + 390*f - 1820. Calculate c(-102).
16
Let q(w) = 75*w**2 - 226*w + 391. What is q(6)?
1735
Let g(a) = -4*a**3 + 36*a + 195. Determine g(-5).
515
Let v(t) = 5168*t - 145455. Calculate v(28).
-751
Let b(v) = 46200*v - 230155. Calculate b(5).
845
Let x(f) = -3*f**2 + 3446*f + 3447. Determine x(-1).
-2
Let l(s) = 4*s**3 - 1606*s**2 + 795*s + 2809. Calculate l(401).
2
Let q(z) = -z**3 + z**2 + 158*z - 175. Give q(-17).
2341
Let b(c) = 68*c + 17350. Calculate b(-255).
10
Let h(s) = 753*s - 198049. What is h(263)?
-10
Let r(j) = -j**2 - 203*j - 4034. Give r(-22).
-52
Let h(v) = 2*v**2 - 193*v - 155. Calculate h(101).
754
Let k(t) = -2*t**3 + 2744*t**2 + 33219*t - 4147. Give k(1384).
5
Let y(j) = -5*j**2 + 19243*j + 76983. Give y(-4).
-69
Let j(l) = 216*l + 14180. Give j(-62).
788
Let p(k) = 22627*k + 249037. Determine p(-11).
140
Let a(p) = -p**2 - 825*p - 79185. Determine a(-111).
69
Let k(b) = -b**2 - 770*b - 5324. Calculate k(-7).
17
Let o(j) = 256*j + 6251. Calculate o(-27).
-661
Let m(u) = -178*u - 2449. Give m(-13).
-135
Let i(g) = 1296*g - 324008. Calculate i(250).
-8
Let y(k) = 2*k**2 + 157*k + 407. Calculate y(-75).
-118
Let n(o) = 6923*o - 139056. Determine n(20).
-596
Let k(q) = -3*q**3 + 44*q**2 + 84*q - 1034. Determine k(15).
1
Let m(p) = -1471*p + 237682. What is m(162)?
-620
Let v(j) = 462*j + 6959. Determine v(-15).
29
Let v(p) = -3*p**3 - 9*p**2 - 4*p + 16. Calculate v(-2).
12
Let w(l) = -l**3 + 433*l**2 - 679*l - 79025. Determine w(431).
-152
Let l(o) = -21481*o + 6293917. Give l(293).
-16
Let d(x) = 7*x**2 + 1693*x - 8616. What is d(5)?
24
Let u(s) = -s**3 - 51*s**2 - 83*s + 1065. What is u(-49)?
330
Let f(v) = 83*v + 7200. Calculate f(-88).
-104
Let j(g) = -g**3 - 29*g**2 - 111*g - 5347. What is j(-31)?
16
Let y(s) = 24*s**2 - 516*s + 16. Calculate y(21).
-236
Let z(p) = -p**3 + 88*p**2 - 15*p + 680. Determine z(88).
-640
Let r(m) = 9*m**3 - 185*m**2 - 295*m - 44. What is r(22)?
-242
Let j(k) = -6351*k - 1467062. Determine j(-231).
19
Let i(g) = 55*g - 3209. Determine i(18).
-2219
Let c(q) = 1166*q + 246014. Calculate c(-211).
-12
Let k(o) = -33*o**2 + 768*o - 3445. Calcu